/2 + 9734. Let l = 4 - 1. Determine c(l).
-9
Let h = -1264 - -1994. Let d = 736 - h. Let x(o) = -o**3 + 5*o**2 - 2*o + 1. What is x(d)?
-47
Let v(d) = -2*d**2 - 4*d - 3. Suppose 31*a - 84 = 10*a. Let f be (8 + 4)/a*(-6)/9. Calculate v(f).
-3
Let d(c) = -8*c - 9. Let s = 13388 + -13390. What is d(s)?
7
Let o(j) = -j**3 + 9*j**2 + 6*j + 1. Let q(d) = d**2 + d + 1. Let n(t) = o(t) - 5*q(t). Let p = 249 - 245. Determine n(p).
0
Let t(i) be the second derivative of -i**5/20 - i**4/12 - 2*i**2 - 2*i. Let p = 18 - -7. Let h = 25 - p. Determine t(h).
-4
Suppose -42*k + 30 = -32*k. Let t(l) = 0 - k*l - 20*l + 3 - 3*l - 4. Give t(1).
-27
Let t(r) = -119*r + 61*r - 8 + 9 - 21 + 56*r. Give t(6).
-32
Suppose 9 = 3*t, 0*d + 2*t = d + 1. Let w(a) = 3*a - 3 + d - 9*a + 8*a + 2*a**2. Let l(g) = 5*g**2 + 7*g + 7. Let j(r) = -3*l(r) + 8*w(r). Calculate j(5).
-5
Suppose 0 = 147*u - 144*u - 21. Let m(p) = -83*p - 3 + 87*p - u. Calculate m(7).
18
Let l = 4793 + -4794. Let p(c) = 100*c + 2. Calculate p(l).
-98
Let z(k) = -k - 10. Suppose -n + 34 = -5*a - 20, -4*n = 4. Let l(o) = -6*o**2 + 1. Let x be l(1). Let c = a - x. Determine z(c).
-4
Let j = 41 - 21. Let m = 18 - j. Let c(b) = -5*b**2 - 4*b + 2. What is c(m)?
-10
Suppose -2*a = -3*d - 1740, 4*a - 62*d = -61*d + 3500. Let w = a + -876. Let g(c) = -c + 0*c + 1 + 4. Calculate g(w).
5
Let t(g) = -g**2 + 6*g + 4. Suppose -8*i = 3*i + 22*i. Give t(i).
4
Suppose 9*r + 8*r = -85. Let v be (-72)/(-10) - (-1)/(-5). Let a(q) = 0*q**2 + v*q - 7*q - 4 + 4*q**2 + q**3 - 5*q. Determine a(r).
-4
Let q(t) = -2*t + 7. Suppose -57 = 4*k - 7*k. Suppose -1 + k = 6*v. Let b(c) = c - 3. Let s(g) = v*q(g) + 5*b(g). Calculate s(7).
-1
Suppose -28*s + i = -23*s - 103, -94 = -4*s - 5*i. Let p(n) = n**2 - 24*n - 3. What is p(s)?
-66
Let x(f) = 4*f**2 - 46*f + 16. Let d be 2 - (-25)/(-10) - (-299)/26. What is x(d)?
-6
Let j(x) = -7*x + 50. Let p(z) = -5*z + 339. Let h be p(66). Give j(h).
-13
Let m(d) = -d**3 - 36*d**2 - 194*d - 419. Let j be m(-30). Let o(p) = 11*p**3 + 2*p**2 + 4*p - 4. What is o(j)?
13
Let s(m) = -10 + 10*m - 27*m**3 + 7*m**3 + 19*m**3 + 8*m**2. Calculate s(9).
-1
Let y(r) = -5*r - 4. Let c(k) = -k**3 - 4*k**2 - k + 1. Let u be c(-2). Let m(w) = -9*w - 10. Let p(g) = u*y(g) + 2*m(g). Determine p(1).
7
Let k(b) be the first derivative of 6*b**2 - 93*b + 4548. What is k(7)?
-9
Let y(u) = -u**2 + 4*u + 6. Let d = -9 + 14. Let c = 50 - 46. Suppose -4*l = -0*p - p + d, c*l = 0. What is y(p)?
1
Let q(y) = y**3 - 15*y - 14. Let n(v) = -v**2 + 1. Let z(m) = 6*n(m) + q(m). Let c be z(8). Let d(h) = h**3 - h - 11. Determine d(c).
-11
Let c(a) be the first derivative of -a**2/2 - 55*a + 5118. Calculate c(-18).
-37
Let w(t) = -t - 23. Let n(v) = v**3 + 10*v**2 + 12*v + 76. Let g(k) = n(k) + 3*w(k). Determine g(-8).
63
Let u(g) = 9*g - 24. Suppose -6*j + 7 = -5*j. Let m be u(j). Let p(t) = -20 + 7*t - 4*t + m - 20. What is p(-2)?
-7
Suppose -5*i - 19 = -2*x + 38, -3*x - 4*i = -120. Let z(q) = -x + q**2 - 34 + 16*q - 22*q + 71 - 2*q**2. Calculate z(-7).
-6
Let m(y) be the third derivative of -y**5/20 + y**4/12 - 35*y**3/6 + y**2 - 4*y. Let r(p) be the first derivative of m(p). Determine r(-2).
14
Suppose -4*n - 6 = -3*s, -3*s + 0*s = -n + 3. Let y(w) = -w**3 - 4*w**2 - 3*w - 6. What is y(s)?
-8
Let w(l) = 43 - 3 + 12 + 8*l + 49. What is w(-12)?
5
Let o(t) = 19*t**3 + 11*t**2 + 40*t - 9. Let z(s) = 7*s**3 + 3*s**2 + 14*s - 3. Let n(w) = -3*o(w) + 8*z(w). Give n(-8).
3
Suppose -6*r = 8*r + r + 45. Let z(p) = 15*p**2 - 3*p - 18. Give z(r).
126
Let y(t) = t**2 + 61*t + 503. Let u be y(-51). Let z(f) = 3*f + f - 1 - 3 - 2*f. Give z(u).
-18
Let d(r) = 2*r - 6. Suppose -44 = 5*b - 59. Suppose 0 = -5*l + y - 279, l - 7*y + 52 = -b*y. Let j be (-18)/81 + (l/(-9) - 1). Calculate d(j).
4
Let i = 24309 - 24305. Let t(m) = 2*m**3 - 6*m**2 - 5*m + 8. Determine t(i).
20
Let u(v) = 36*v + 3. Let t = 11000 + -10999. Calculate u(t).
39
Suppose 0*l = -3*l - 24. Let f(x) be the first derivative of -x**4/4 - 7*x**3/3 + 5*x**2/2 - 6*x - 1513. Determine f(l).
18
Let d(r) = -10*r + 23. Let c(f) = 64*f - 138. Let p(n) = -4*c(n) - 25*d(n). Calculate p(-4).
1
Let f(p) = 15*p + 38*p - 56*p - 35 + 128 + 9*p. Calculate f(-16).
-3
Let k(h) = 3*h + 9. Let f(w) = w**2 + 4*w - 62. Let a be f(6). Let i be a/6 + (29/(-3) - -3). Give k(i).
-12
Let g = -89 + 91. Let c(n) = 3*n**3 - 4*n**3 - 4*n**2 + 4*n**2. Let p(h) = h**3 + 5*h**2 - 5*h + 2. Let m(r) = g*c(r) + p(r). Determine m(3).
5
Let p(w) = -4*w - 20*w - 2*w + 25*w + 35. Determine p(20).
15
Let j = 12132 - 12126. Let z(u) = -2*u**3 + 13*u**2 - 6*u + 2. Determine z(j).
2
Let h(i) = 2*i**3 + 73*i**2 + 37*i + 31. Suppose -q + 217 - 43 = -5*v, v + 54 = -3*q. What is h(v)?
-5
Suppose -4*q + 3*i - 22 - 17 = 0, 5*q = 3*i - 48. Suppose 14*s - 1410 = 4*s. Let o(v) = 72 + 3*v + 80 - s. Determine o(q).
-16
Let h(q) = 4064 - 55*q + 4120 - 8387. What is h(-4)?
17
Let t be (560/168)/((2/6)/(-1)). Let f(x) = x + 1. Let z(m) = 6*m - 16. Let b(w) = t*f(w) + z(w). Determine b(-5).
-6
Suppose -l + 11 = l + w, 0 = l - 5*w + 22. Let s(r) = -3 - 38*r**l + 10*r**2 + 39*r**3 - 2. Let f be 2*(-1)/(-7) - (-72)/(-7). What is s(f)?
-5
Suppose -36 = -141*v + 528. Let w(y) = 15*y - 66. Calculate w(v).
-6
Let a(v) be the first derivative of v + 0*v**2 - 22 - 1/3*v**3. Suppose q = -q. Calculate a(q).
1
Let m(j) = -4*j**2 - 5*j - 9*j**2 + 16*j**2 + 12*j - 15. Let p be m(5). Suppose -p = -2*k - 91. Let b(v) = -2*v. What is b(k)?
-4
Let g(n) = 333*n + 14. Let d(c) = 118*c + 5. Let b(f) = -17*d(f) + 6*g(f). Give b(-7).
55
Let k(h) = -204501*h**3 - 3*h - 1 - 2 + 204495*h**3. Give k(-1).
6
Let b(d) = d**3 + 27*d**2 + 53*d + 60. Let s(g) = g**2 + 64*g - 2845. Let k be s(-94). Calculate b(k).
-15
Let t = -893 - -1870. Let c(i) = -t - i**3 - 5*i**3 + 976. Determine c(1).
-7
Let x(i) = 1. Let a(g) = 2*g - 10. Suppose 2*b = 3*c + 2*c, 0 = 3*b - 4*c + 7. Let m(p) = b*x(p) - a(p). Let z = 1439 + -1433. Calculate m(z).
-7
Let q(d) be the third derivative of -d**5/30 + 5*d**4/12 - 5*d**3/6 - 526*d**2. What is q(4)?
3
Suppose 0 = -5*p + 1 - 6. Let a(i) be the first derivative of -74 - 15/2*i**2 - i. Give a(p).
14
Let h = -11039 - -11040. Let d(o) = -51*o + 9. Give d(h).
-42
Let j(k) be the third derivative of k**5/60 + 23*k**4/24 + 25*k**3/6 - 1283*k**2. What is j(-21)?
-17
Let l(u) = u**2 - 7*u + 7. Let c = -937 - -941. Suppose -2*j = -k + 13 + 4, 4*k = -4*j - 40. Let p be (-15)/j*(-1 + c). Calculate l(p).
-3
Let c(r) be the first derivative of -41/2*r**2 + 0*r - 1/12*r**4 - 2/3*r**3 + 39. Let x(h) be the second derivative of c(h). Calculate x(5).
-14
Let w(a) = -5*a - 6. Let u(z) = -12*z - 13. Let s be (-112)/(-49) - (-2)/(-7). Let n(c) = s*u(c) - 5*w(c). Let q be 4/(3/(-3*2)). Determine n(q).
-4
Suppose 5*z - 17 - 8 = 0. Let p(n) = z*n - 2 - 3 + 6 - 3*n. Calculate p(4).
9
Let z(n) = n**3 - 26*n**2 + 3. Let f be -5 + 4/6*(-1488)/(-32). Give z(f).
3
Let k(f) be the second derivative of 1/2*f**2 + 1/6*f**3 + 6 - 13*f. Give k(9).
10
Let b(v) = -18*v**3 - 43*v**2 - 281*v - 5. Let d(a) = -5*a**3 - 11*a**2 - 65*a - 1. Let o(j) = -3*b(j) + 11*d(j). Give o(-8).
4
Let t(f) = -3*f. Let s(l) = -l. Let k(j) = 7*s(j) - 2*t(j). Let w(r) = -4*r**3 + 9*r**2 - 3*r. Let y be w(2). Give k(y).
2
Let i(w) = 96*w**3 + 12 + 15*w + 93*w**3 - 288*w**3 - 9*w**2 + 98*w**3. Determine i(-10).
-38
Suppose 7*f - 55 = 92. Let c(d) = d**3 - 22*d**2 + 18*d + 60. Let i be c(f). Let h(t) = -t**3 + 3*t**2 + 4*t + 1. Give h(i).
43
Let l(z) = 3*z**2 + z**2 + 9*z - 3*z**2 + 8. Let q(b) = -31*b - 87. Let t be q(-3). Let w be -5 + (4/(-8) - 9/t). Determine l(w).
-6
Let g(c) = -c**2 - 7*c + 6. Let k = 11738 + -11746. Calculate g(k).
-2
Suppose 4*s - 3*x + 25 = 0, -s + 2 = x + 10. Let n(m) = 2*m**3 + 12*m**2 - 17*m - 22. Let j be n(s). Let a(t) = 20*t - 1. Calculate a(j).
-21
Suppose 5*m - 4*v - 34 = 0, 0 = 11*m - 16*m + 2*v + 22. Let s(o) = 44*o. Give s(m).
88
Let q(z) = z - 5. Suppose y - 78 = -2*y. Suppose 0 = -5*s - 25, 0 = -w + 5*w + 2*s + 26. Let i be 2 - (-10)/(-4) - y/w. Give q(i).
1
Let d(u) = -18*u - 2. Let l(q) = -33*q**2 - 146*q - 59. Let w be l(-4). Calculate d(w).
52
Let m = -188 + 186. Let h(r) = 3*r**3 + r**2 - 4*r + 3. Let i(z) = -z**3 + z**2 + 1. Let d(u) = m*i(u) - h(u). Determi